.
-11
What is the value of -8 + (-10 + (13 - (5 + 2)) - 2)?
-14
What is the value of 8 + -3 + -2 + -30 + 17?
-10
-7 - (8 + -8 + -5 - -11 - 36)
23
-12 + 53 + -44 + -24 + 0
-27
Calculate -2 + 6 + (-5 - -8) + (-28 - -39).
18
What is the value of 0 + 30 + -1226 + 1223?
27
Calculate 20 + 7 + (11 - 4) + -19.
15
Calculate (6 - (8 - 7)) + (0 - 0) + 3.
8
What is the value of 0 + 3 - (19 - (6 + (16 - 10)))?
-4
Calculate (-1 - -11) + (-10 - -10) + -4 - -1.
7
Calculate 31 + (11 - 27) + -16.
-1
What is (2 + (1 - 4) - (-7 + 4)) + -12?
-10
Evaluate (-33 - (16 + -16)) + (0 - -6).
-27
What is (6 - (6 + -27)) + -24?
3
Calculate (-19 - (-8 + 0)) + 3.
-8
-8 + (-25 - -41) + 0
8
Evaluate 2 + (3 - (-8 - -14)).
-1
What is -6 - 2 - (-15 - (24 + -35 - 3))?
-7
What is the value of 1 + -19 + (860 - 839) - (-9 + 0)?
12
What is 5 - (3 - (-4 - -10))?
8
Calculate (-9 - (16 - 16)) + 17 - (3 - 12).
17
(1 - 0) + 12 + (-225 - -229)
17
What is -2 + 2 + 1 + -1 + -2 + 9?
7
What is the value of (499 - 482) + (-7 - -1)?
11
Evaluate -49 - -39 - -5 - (-1 - 11).
7
-3 + 0 + 12 + (35 - 39) - 13
-8
Calculate (-12 - -7 - (-42 + 28)) + 0 + 13.
22
What is the value of 5 - ((-5 + 13 - 18) + 6)?
9
Evaluate 84 + -104 + 9 + -2.
-13
What is -10 + (16 - 13) + -1?
-8
Evaluate -2 + 6 + 7 + -1 + (3 - 10).
3
What is the value of 1 + 18 - (1 - -3)?
15
1 + (-9 + (-12 - 10) - -3) - -9
-18
What is the value of -42 + 35 + -30 - (2 + -14)?
-25
What is the value of 7 + (-6 - (13 + -5)) + 13?
6
What is the value of -12 + -8 + 18 + (13 - 15)?
-4
Evaluate -2 + (2 - 5) + 227 + -224.
-2
Evaluate (-3 - (2 - 5)) + (-18 + 16 - -4).
2
What is 10 + 15 - 19 - (1 + 7) - -24?
22
Evaluate (10 + -1 - 10) + (0 - 0) - 3.
-4
What is 3 + -6 + (11 + (4 - 5) - -4)?
11
What is 7 - (-1 - (2 - 0 - 3))?
7
What is -2 - (5 + 5 + -23 - (-7 - 2))?
2
What is the value of (-2 - 0 - -32) + -622 + 623?
31
What is -8 + -1 - (-42 + 25) - -1?
9
What is the value of (-23 - -11) + -2 + 3?
-11
What is (93 - 45) + -62 + 0 + 10?
-4
Calculate 9 + (-16 - (-7 - 1) - -2).
3
-5 + 9 + (3 - (4 - 3) - 21)
-15
What is (-2 - 11 - (-28 + 15)) + -5?
-5
What is 23 - 16 - (-11 - -15)?
3
Calculate (15 - (12 + 0 + 8)) + -1.
-6
What is the value of 27 + -22 - 6 - ((0 - -8) + 1)?
-10
What is the value of 15 + (-8 - (6 - -20))?
-19
What is 4 + (2 - -2 - ((-10 - -10) + 3))?
5
-1 + (5 - -1) - (-25 - -11)
19
(10 + 1 + -23 - (1 + -3)) + 5
-5
What is -6 + 5 - (0 + (17 + -9 - 22))?
13
-8 - (9 + (-12 - 3) + 5)
-7
Calculate -69 + 88 + (5 - 5).
19
Calculate -10 - (-11 - (1 - 9)).
-7
1 + 0 - 15 - (-540 + 541)
-15
What is the value of (10 - 36) + 1 + 14?
-11
Calculate -13 + (-15 - (18 + -29)) + 43.
26
Evaluate 10 + 20 + 1 + -24.
7
Evaluate -3 + -2 + (-24 - -38) - (0 - -2).
7
Calculate 6 + -18 - (-273 - -243).
18
Calculate 5 + (-10 - -13 - 16).
-8
What is the value of -3 - 6 - 7 - -6?
-10
Calculate 23 + 29 + -26 + -16.
10
Evaluate 19 + 0 + (-54 - -55).
20
What is the value of 2754 + -2776 + -6 + 0 + -2 + 1?
-29
-10 - (-2 + -11 + (166 - 155))
-8
Evaluate 18 + 9 + 21 + -27.
21
(6 - 0) + 69 + -99
-24
Evaluate 11 - (12 + 11 + 3).
-15
What is -11 + -1 - -11 - (9 + -1)?
-9
(-2 - (3 + -25)) + -21
-1
Evaluate 4 + -4 + (-1 - -4) - (215 - 206).
-6
Calculate -69 + 94 - (-1 + 12).
14
What is 0 + (4 + 2 - 13) + -3 + 23?
13
What is the value of (-2 - (11 + -4)) + (41 - 16)?
16
What is 7 - 6 - (-20 - (-27 - -27))?
21
What is the value of 6 + -1 - (-39 - -36)?
8
23 + -6 + -30 + 12
-1
What is 4 + (-14 - -27) + -32?
-15
Evaluate (-153 - -140) + 0 + 11 - -16.
14
What is the value of 15 - (6 + -22 + 4 + 5)?
22
2 - ((-13 - -6) + 3) - (-8 + 16)
-2
What is the value of 10 - (-2 + 3 + (-15 - -5 - -8))?
11
What is -18 - (6 - -1 - (18 + -11)) - -6?
-12
What is the value of -7 + (-13 + (2 - -4) - -33)?
19
What is the value of -1 - -20 - (49 + -35)?
5
(-10 - -3 - 11) + 6 + 1
-11
What is the value of 7 + (13 - 20 - 10)?
-10
What is the value of -1 + -10 + 13 + (0 - 3) - -19?
18
Calculate -18 - -36 - (6 - 14 - -16).
10
Calculate -5 + (11 - (9 - 7) - -5).
9
Evaluate -25 - (6 + -5 - (11 - 1)).
-16
Evaluate (-8 - -1 - -8 - 2) + (3 - 5).
-3
7 - 4 - (-13 - -23 - 13) - 7
-1
Evaluate 41 + -37 - (1 - (1 + -11)).
-7
Evaluate 4 + -23 + (-83 - -87).
-15
Evaluate -23 - (-4 - 6) - (8 - 1).
-20
Evaluate 8 - (-1 + -7 + 5 + 4 + 0).
7
What is -14 - -10 - -5 - -11?
12
Calculate (280 - 264 - (-9 + -1)) + 8.
34
What is -1 + (0 + -3 - (4 - (8 - -4)))?
4
Evaluate 65 - 47 - (22 - -13).
-17
2 + 2 - (34 + -30 + -35)
35
Evaluate -5 - (-6 - (-14 + (0 - -2))).
-11
Evaluate 3 - (-9 + 13 + -3 - -7).
-5
(-4 - 13) + 74 + -79
-22
(2 + 5 - 6) + 12
13
-18 + (-1 + -8 + -1 - -16)
-12
-3 - -36 - ((1 - -3) + 121 + -126)
34
What is (2 - -4) + 10 + (9 - (5 - -7))?
13
Calculate 9 + -35 + 8 + 1.
-17
What is the value of 12 + -23 + (-12 - 6)?
-29
-2 + 3 + 2 + -350 + 347
0
(-1 - 22) + (12 - -2)
-9
16 + -7 + -1 - 6 - 6 - -10
6
Calculate 157 + -138 + 4 + -49.
-26
What is -2 + 6 - ((11 - 5) + -24 - -12)?
10
Evaluate 13 + -4 + -20 + 5 + 5 + 1.
0
What is the value of 4 - (6 + (8 + -8 - -3))?
-5
What is (-1 - 3) + -9 + 16 - (-11 + 21)?
-7
1 + 1 + 193 + -181
14
What is the value of 8 - 0 - (-2 - -12) - (-4 - 1)?
3
What is the value of -3 + -25 + -11 + 28?
-11
What is (3 - 3) + (-5 - (-5 - 18))?
18
Evaluate (2 - (0 - 41)) + -36.
7
What is -12 + 1 + -3 + -50 + 48?
-16
What is the value of (-29 - -20) + -18 + 40?
13
What is 17 + 1 + -4 + 34 + -17 + -7?
24
What is the value of 4 + -13 + (4 - -5) + -6?
-6
2 - (-1 + -6 + 4)
5
What is -1 - -24 - (-42 - (-63 + 9))?
11
Evaluate -5 + 5 - (-8 - -1) - (2 - 14).
19
3 + -2 + 26 + -289 + 283
21
What is the value of (1 + -9 - (0 + -9)) + 2 + 3?
6
(11 - 9) + -9 + 8 + 3
4
Evaluate (-4 - -5) + -5 + 8 + -10.
-6
-13 - (-3 - (-1 - -20))
9
19 + 1 - (-14 - -29)
5
What is the value of (-27 - (20 + -11)) + 19?
-17
What is -33 + 3 + (-104 - -131)?
-3
Calculate 41 + -89 + 50 - ((0 - -3) + 38).
-39
-2 + 10 + -8 - (4 - -14)
-18
Calculate (1 - -2 - 5) + (31 - 25).
4
What is -11 - -7 - (-9 + 4) - 9?
-8
46 - 45 - ((11 - 3) + -2)
-5
Calculate (8 + -14 + 9 - -5) + 3.
11
Calculate 56 + -62 - (-9 - -9).
-6
What is ((11 - -6) + -2 - 13) + (21 - 4)?
19
Calculate 25 - (8 - (-4 + (-4 - -6))).
15
Evaluate (0 - 4) + (17 - 29) + 6.
-10
What is -8 - (2 + (0 + 1 - 18))?
7
Evaluate (19 - 20) + -20 - -24.
3
7 + -4 + (-16 - (6 + -12))
-7
Evaluate 1481 + -1489 - (-1 - -4).
-11
Evaluate (-3 - -1) + 29 + -15.
12
-11 + -6 + 3 - -16
2
What is the value of 30 + (-43 - -14) - (-6 - -2)?
5
Calculate -3 + (10 - 4) + -1 + -29 + 8.
-19
What is -1 + (3 - 2) - (-44 + 35)?
9
What is the value of -1 - ((-11 - (-21 - -7)) + -14)?
10
Evaluate 25 - 3 - (92 - 79 - (11 - -2)).
22
14 + -32 - (12 - 20)
-10
What is -16 + (46 - (39 - 6))?
-3
What is 96 + -106 + 3 + -1 + -8?
-16
Evaluate (-10 - 11) + 15 - (13 + -1).
-18
What is the value of 1 + (-9 - 4 - -20) + (1 - 17)?
-8
What is the value of -33 + 15 + (-9 - -14) + -9 + 1?
-21
What is 5 - (4 - -28) - -30?
3
What is (10 - -11) + -8 + -22?
-9
-16 + -1 + 52 + (-2 - 58)
-25
What is 5 - ((-13 - -20) + (-1 + 5 - 7))?
1
-13 - (34 - 27) - -3
-17
(-4 - 3) + (53 - 24)
22
What is 18 + -13 - 4 - (4 + -3 - -6)?
-6
What is (1 - 5 - -7) + 8?
11
What is the value of (29 - 23) + (-4 + 4 - -6 - 2)?
10
What is (-18 - (-8 + -5)) + 7?
2
What is the value of -1 - 16 - (-1 - -7 - 8 - 4)?
-11
(-17 - (-11 - -3)) + -4
-13
Calculate -18 - -26 - (2 - -16).
-10
What is the value of 8 - (1 + -9 + -8) - 2?
22
7 - (1 + (5 + 0 + 0 - 5))
6
What is the value of -8 + (-1 + 12 - (34 - 31))?
0
What is the value of 32 + (-48 - -23 - -27)?
34
Calculate -5 + -1 + 5 - -4 - (11 - 4).
-4
What is -15 - (7 + 29 + -55)?
4
What is the value of (14 - (2 - -15)) + 3?
0
What is -2 + -1 - (29 + -15 + -27)?
10
Evaluate 0 - (-5 - -11 - (6 - (14 + -7))).
-7
What is the value of 2 + -4 + (-14 - (-9 - -2))?
-9
Evaluate -9 - (-1 - 9) - -4.
5
Calculate -6 - (-2 + 18 - 13).
-9
Calculate (15 - 24 - -4 - 3) + 12.
4
What is the value of (-1 - -34) + (-818 - -813)?
28
What is the value of (-33 - (-28 + 8)) + 25?
12
Calculate -7 + (4 + 0 - -18) + 2 + -10.
7
Evaluate -2 + -10 + -1 - -5.
-8
-26 + 40 - (10 + -5)
9
What is the value of -5 + 2 + -9 + 0 - -6?
-6
Calculate -3 - (-12 + 17) - 37 - -14.
-31
What is 4 + 11 - (-6 + 25 - 12) - 5?
3
What is 5 + -2 - ((17 - 11) + 3 + -10)?
4
What is the